hen 4786 is divided by 19?
17
What is the remainder when 155170 is divided by 122?
108
What is the remainder when 751 is divided by 73?
21
What is the remainder when 6158 is divided by 26?
22
What is the remainder when 22946 is divided by 7543?
317
Calculate the remainder when 15316 is divided by 3063.
1
What is the remainder when 509212 is divided by 5?
2
Calculate the remainder when 199176 is divided by 39831.
21
What is the remainder when 45621 is divided by 15203?
12
Calculate the remainder when 98139 is divided by 17.
15
What is the remainder when 12066 is divided by 198?
186
Calculate the remainder when 60127 is divided by 27.
25
Calculate the remainder when 8434 is divided by 128.
114
Calculate the remainder when 5908 is divided by 1760.
628
Calculate the remainder when 1437629 is divided by 64.
61
Calculate the remainder when 9736288 is divided by 9.
7
What is the remainder when 3638 is divided by 1816?
6
Calculate the remainder when 2086 is divided by 14.
0
What is the remainder when 6823 is divided by 6787?
36
What is the remainder when 46286 is divided by 46283?
3
What is the remainder when 1017751 is divided by 4?
3
What is the remainder when 303304 is divided by 490?
484
Calculate the remainder when 79275 is divided by 204.
123
Calculate the remainder when 205507 is divided by 68501.
4
What is the remainder when 9641 is divided by 285?
236
Calculate the remainder when 1420 is divided by 673.
74
Calculate the remainder when 153291 is divided by 143.
138
Calculate the remainder when 44274 is divided by 527.
6
What is the remainder when 20062 is divided by 1630?
502
Calculate the remainder when 5450 is divided by 249.
221
Calculate the remainder when 21827 is divided by 83.
81
Calculate the remainder when 6828 is divided by 6466.
362
Calculate the remainder when 1261 is divided by 80.
61
Calculate the remainder when 157211 is divided by 56.
19
What is the remainder when 74559 is divided by 289?
286
What is the remainder when 52534 is divided by 155?
144
What is the remainder when 8891 is divided by 77?
36
What is the remainder when 820 is divided by 178?
108
Calculate the remainder when 25404 is divided by 25400.
4
Calculate the remainder when 12425 is divided by 316.
101
What is the remainder when 1043 is divided by 862?
181
What is the remainder when 9444 is divided by 4607?
230
What is the remainder when 98377 is divided by 12289?
65
What is the remainder when 25928 is divided by 324?
8
Calculate the remainder when 433158 is divided by 182.
180
What is the remainder when 50883 is divided by 33?
30
Calculate the remainder when 7115 is divided by 20.
15
Calculate the remainder when 39962 is divided by 19860.
242
Calculate the remainder when 12770 is divided by 266.
2
Calculate the remainder when 129002 is divided by 705.
692
Calculate the remainder when 18001 is divided by 3590.
51
What is the remainder when 26527 is divided by 8834?
25
What is the remainder when 979486 is divided by 152?
150
Calculate the remainder when 7669 is divided by 367.
329
What is the remainder when 157644 is divided by 118?
114
What is the remainder when 40783 is divided by 13593?
4
What is the remainder when 10260 is divided by 3403?
51
What is the remainder when 9158 is divided by 896?
198
Calculate the remainder when 8027 is divided by 3888.
251
What is the remainder when 2307 is divided by 380?
27
Calculate the remainder when 6198 is divided by 608.
118
What is the remainder when 138162 is divided by 8127?
3
What is the remainder when 24632 is divided by 8209?
5
What is the remainder when 12545 is divided by 743?
657
Calculate the remainder when 12503 is divided by 101.
80
What is the remainder when 13790 is divided by 118?
102
What is the remainder when 1979418 is divided by 95?
93
What is the remainder when 3487 is divided by 569?
73
Calculate the remainder when 54587 is divided by 738.
713
What is the remainder when 331427 is divided by 207?
20
What is the remainder when 1377 is divided by 44?
13
Calculate the remainder when 43568 is divided by 8705.
43
What is the remainder when 76542 is divided by 52?
50
What is the remainder when 4198 is divided by 303?
259
What is the remainder when 7909 is divided by 565?
564
Calculate the remainder when 29655 is divided by 706.
3
Calculate the remainder when 16513 is divided by 7653.
1207
What is the remainder when 1239 is divided by 409?
12
Calculate the remainder when 78694 is divided by 1787.
66
What is the remainder when 7663 is divided by 96?
79
What is the remainder when 280384 is divided by 70094?
8
What is the remainder when 475299 is divided by 738?
27
Calculate the remainder when 949 is divided by 395.
159
Calculate the remainder when 18813 is divided by 1297.
655
Calculate the remainder when 440766 is divided by 1057.
1054
Calculate the remainder when 198302 is divided by 95.
37
What is the remainder when 11545 is divided by 970?
875
What is the remainder when 19600 is divided by 4890?
40
Calculate the remainder when 636692 is divided by 148.
144
Calculate the remainder when 4568841 is divided by 763.
760
Calculate the remainder when 15537 is divided by 24.
9
What is the remainder when 17446 is divided by 182?
156
Calculate the remainder when 693778 is divided by 620.
618
Calculate the remainder when 5302 is divided by 353.
7
Calculate the remainder when 761 is divided by 730.
31
Calculate the remainder when 130810 is divided by 509.
506
Calculate the remainder when 2505288 is divided by 170.
168
Calculate the remainder when 2716 is divided by 766.
418
Calculate the remainder when 22160 is divided by 4387.
225
Calculate the remainder when 153632 is divided by 311.
309
Calculate the remainder when 13053 is divided by 976.
365
What is the remainder when 3964 is divided by 1963?
38
What is the remainder when 1146 is divided by 322?
180
What is the remainder when 948836 is divided by 473?
471
Calculate the remainder when 491578 is divided by 14.
10
What is the remainder when 68858 is divided by 22924?
86
Calculate the remainder when 1549 is divided by 5.
4
Calculate the remainder when 1791 is divided by 39.
36
Calculate the remainder when 11460 is divided by 13.
7
Calculate the remainder when 2282 is divided by 810.
662
What is the remainder when 19053 is divided by 3174?
9
What is the remainder when 2683 is divided by 482?
273
Calculate the remainder when 1401537 is divided by 105.
102
What is the remainder when 212764 is divided by 25?
14
Calculate the remainder when 438332 is divided by 21.
20
Calculate the remainder when 4814 is divided by 950.
64
Calculate the remainder when 7830 is divided by 574.
368
What is the remainder when 13269 is divided by 738?
723
What is the remainder when 31318 is divided by 15514?
290
What is the remainder when 12827 is divided by 1165?
12
Calculate the remainder when 10953 is divided by 2548.
761
What is the remainder when 296958 is divided by 113?
107
Calculate the remainder when 107009 is divided by 15.
14
Calculate the remainder when 1298452 is divided by 54102.
4
Calculate the remainder when 170138 is divided by 517.
45
Calculate the remainder when 271561 is divided by 4.
1
Calculate the remainder when 118332 is divided by 11.
5
What is the remainder when 166379 is divided by 20797?
3
Calculate the remainder when 7660 is divided by 1915.
0
Calculate the remainder when 279195 is divided by 800.
795
What is the remainder when 799 is divided by 770?
29
Calculate the remainder when 559378 is divided by 60.
58
What is the remainder when 33445 is divided by 183?
139
Calculate the remainder when 3932 is divided by 31.
26
Calculate the remainder when 61324 is divided by 681.
34
What is the remainder when 1560 is divided by 21?
6
Calculate the remainder when 158949 is divided by 1060.
1009
What is the remainder when 15408 is divided by 12?
0
What is the remainder when 2535 is divided by 728?
351
What is the remainder when 73476 is divided by 155?
6
Calculate the remainder when 127678 is divided by 906.
838
What is the remainder when 260353 is divided by 32542?
17
Calculate the remainder when 1446 is divided by 360.
6
Calculate the remainder when 15233 is divided by 534.
281
Calculate the remainder when 144853 is divided by 15.
13
Calculate the remainder when 30685 is 